*s**3. Determine g(r).
-11
Let g(a) = -a + 18. Let s be g(12). Let v be s/21 - 38/(-14). Let o(r) = -3 + 2*r + 2*r**2 + r**3 + 7 - 2*r**3. Determine o(v).
1
Let r(j) = j**3 + j**2 - j - 2. Let q = 4 + 17. Let h be 26/7*q/3. Suppose -5*m = 3*s + 6 - h, 4*s + 2*m = 8. Determine r(s).
-2
Let v(u) be the second derivative of 17*u**3/6 + 3*u**2/2 + 16*u - 3. Determine v(-2).
-31
Let g(r) be the third derivative of -r**4/6 - 7*r**3/3 - 224*r**2. What is g(-5)?
6
Let g(n) = -1 - 2*n + 8*n - 15*n. Give g(-2).
17
Let r(n) = -n**2 + n + 2. Let d be r(0). Let q(m) = -6 - 2*m + m + d. Let v = -343 + 339. Give q(v).
0
Let l(c) = c**2 + 10*c. Let u = -282 - -273. Calculate l(u).
-9
Let a = -19 - -24. Suppose -g - 3*m + 15 = 0, -a*g + 11 = -2*m - 30. Let y(i) = 6 - 5*i**2 - i**3 - 13*i + 24*i + 0*i**3 - g*i. Determine y(-5).
-4
Let f(t) = -t - 7. Let m = -14 + 16. Suppose u - 3 = 0, 0*i - 10 = -m*i - 2*u. Suppose -5 = -p + i*p. What is f(p)?
-2
Let h(q) = 6*q - 54. Suppose -98*o + 936 = 6*o. Give h(o).
0
Let j(m) = -m**2 - 3*m + 6. Let u be (6/4 - 1)/(135/(-1350)). What is j(u)?
-4
Let m(h) be the first derivative of h**2/2 + 4*h - 96. What is m(1)?
5
Let x(b) = -8*b + 51. Let q be x(6). Let v(w) = -5*w**3 + 5*w**2 + 5*w + 11. Let n(z) = -z**3 + z**2 + z + 2. Let h(f) = 11*n(f) - 2*v(f). Give h(q).
-15
Let a(l) = 0*l**3 + 44*l + 3*l**3 - 32*l - 2*l**3 - 9*l**2 - 5*l**2 + 11. Give a(13).
-2
Let r(x) = -x - 7. Let u be 15/(-10)*30/(-9). Let z(c) = 2*c + 8. Let k(n) = u*z(n) + 6*r(n). What is k(-3)?
-14
Let x(j) be the first derivative of -j**4/4 + 5*j**3/3 + 7*j**2/2 - j + 1. Let w be (-2782)/(-78) - (-1)/3. Suppose 5*l + l - w = 0. Give x(l).
5
Let z(l) = l**2 - 7*l - 3. Let o(u) = -u**2 + 7. Let p = 9 - 9. Let a be o(p). What is z(a)?
-3
Let o(l) = -12*l - 1964 + 13*l + 1968. Give o(-7).
-3
Suppose -2*v + 6*v = 20. Let d(k) = -7*k + 3. What is d(v)?
-32
Suppose -5*h - 4 = -19. Let x(c) = -c**2 - 14*c - 10. Let t be x(-13). Let g(b) = 4*b - 26*b**2 + 10*b**2 - t + 15*b**2. Calculate g(h).
0
Let o(t) = -3*t**3 - 23*t**2 - 31*t + 3. Let i(z) = 5*z**3 + 39*z**2 + 60*z - 7. Let l(c) = -4*i(c) - 7*o(c). Give l(-8).
-1
Let j(v) = v**3 + 3*v**2 - 6*v - 4. Let k = 26 + -24. Suppose k*r = -7 - 73. Let s = r + 36. Determine j(s).
4
Let h(k) be the third derivative of -k**6/120 + k**5/20 + k**4/12 + 5*k**3/6 - 4*k**2. Suppose -60 = -11*d - 4*d. What is h(d)?
-3
Let u(k) = 3*k - 3. Let t(n) = -2*n + 3. Let b be (-9 + 4 + 0)/1. Let c(r) = b*t(r) - 4*u(r). Calculate c(-3).
3
Let k(l) = -l**3 + 6*l**2 - 5*l + 3. Let f = -166 - -170. Calculate k(f).
15
Let j(c) = -5*c - 18. Let a(d) = 5*d + 12. Let w(k) = 3*a(k) + 2*j(k). Suppose -5*f + 41 = -p - 4, -4*f + 7 = 5*p. Suppose -y + f = -5*y. What is w(y)?
-10
Let l(j) = 5*j - 1. Suppose 4*v + 3*n + 10 = -6, -5*n - 25 = 5*v. Give l(v).
-6
Let d be ((-2)/2)/(318/(-54) + 6). Let r(j) = 5*j + 40. What is r(d)?
-5
Let c(o) = 2*o**2 - 7*o + 4. Let n(q) = -q**2 - q - 1. Let u(p) = -c(p) - n(p). Suppose -9*t = -15*t + 42. Determine u(t).
4
Let f(t) = 5*t + 2. Suppose 4*x + 33 = -11*i + 6*i, 3*x - i = -1. Give f(x).
-8
Let s(a) be the second derivative of 3*a**5/20 - a**4/12 - 119*a. Calculate s(-1).
-4
Suppose -4*c = -c - 15. Let d(j) = -2*j + c*j - 2*j. Let a = 2404 + -2406. Give d(a).
-2
Suppose 15 - 1 = -2*f. Let v = 12 + f. Let w(s) = 7 - 6*s - 4*s**2 + s**3 + 0 - 2. What is w(v)?
0
Let b(i) = -2*i**2 + 6*i - 1. Let a be (-131)/(-4) + 12/48. Suppose -4*g - 17 = -a. Give b(g).
-9
Let d(y) be the third derivative of -y**4/24 + y**3/3 - 71*y**2. Give d(-6).
8
Let a(i) = 2*i**2 + 41*i + 8. Let s(t) = -5*t**2 - 122*t - 19. Let g(m) = -11*a(m) - 4*s(m). Determine g(18).
6
Let d(q) = 139*q**2 + 24*q + 15 - 17*q - 138*q**2. Give d(-6).
9
Let m(g) = -g**3 + 2*g**2 + g. Let i(d) = d**3 + 4*d**2 + d - 1. Let j be i(-3). Suppose h + q = 2*h + 3, -j*h = 5*q + 5. What is m(h)?
14
Let l(a) = -3*a**2 - 11*a + 1. Let c(t) = -7*t**2 - 3*t + 2*t + 1 + 6*t**2. Let g(q) = 2*c(q) - l(q). What is g(-7)?
-13
Let s = -40 - -43. Let p(b) be the second derivative of b**5/20 - 5*b**4/12 + 2*b**3/3 - b**2/2 + 6*b. Give p(s).
-7
Let q = 6 + -9. Let u(z) be the first derivative of -z**3/3 - z**2/2 + 2*z - 679. What is u(q)?
-4
Let c(o) be the second derivative of 2*o**4/3 + o**3/2 - o**2 - 183*o. Determine c(2).
36
Let l be (2/6 - 2)*-18*(-28)/(-210). Let y(n) = -2*n**2 - 3*n**2 + 4*n**2 + 4*n + 2. Calculate y(l).
2
Let w(a) be the second derivative of a**5/20 + a**4/3 + a**2/2 + 3*a. Let y = 14 + -17. Determine w(y).
10
Let o be (20/(-4))/(15/(-6)). Let b(q) = -4 - 4*q - o*q + 2*q. What is b(-4)?
12
Suppose 0 = -2*x - 0*x + 2. Let m be (-6 + 1)/(-2 + x). Let s(r) = -2*r + 1 - 3*r**2 + 1 + 2*r**2 - m. Give s(-2).
-3
Let g(m) be the third derivative of -m**6/120 + 7*m**5/60 - m**4/8 + m**3 - m**2 + 53*m. What is g(7)?
-15
Let h(l) = 0 - 7 - 4 + 8 + 2 - 2*l. Let m(r) = 2*r - r - 2*r - 1. Let n(z) = 2*h(z) - 3*m(z). Give n(-1).
2
Let n(d) be the second derivative of 5*d**3/6 - 9*d**2 - 3*d + 57. Calculate n(9).
27
Suppose -49*r + 53*r = 40. Let a(d) = 2*d**2 - 14*d - 2. Give a(r).
58
Suppose 6*t + 9 - 69 = 0. Suppose -5*r + 35 = -5*d, r + t = -d + 3*r. Let j(s) be the second derivative of s**4/12 + s**3/3 + s**2/2 + 5*s. Give j(d).
9
Let p(h) = 2*h**2 + 6*h + 9. Let o be p(-3). Let l(t) = 11 - 6 - 4 - o + t. Calculate l(6).
-2
Let v(l) = -l - 5. Let p = 6 + -9. Let s be (p/(-2))/((-21)/56). Let u(o) = o + 6. Let h(i) = s*u(i) - 5*v(i). What is h(-4)?
-3
Let d be (0 - 1) + -3 + 8 + -2. Let h(y) be the second derivative of -1/20*y**5 + 0 + 7/12*y**4 - y**3 - 3/2*y**2 + d*y. Calculate h(6).
-3
Let n(i) = 4*i + 1. Let g be 18/(-9) + 2 + 150. Suppose 5*k - 3*m + m + g = 0, 2*m = -k - 30. Let a be (-1)/(-3 + k/(-9)). What is n(a)?
-11
Suppose 5*r = -47*x + 46*x - 18, 4*x + 2*r = -18. Let v(m) = -m - 12. Give v(x).
-9
Suppose -16 = 2*z - 6*z. Suppose z*d - 5*d + 8 = 0. Let c(s) = -s + 7. Calculate c(d).
-1
Let q(t) = -3*t**2 - 9*t + 4. Let v(g) = -g - 2. Let a be v(2). Calculate q(a).
-8
Let n(f) be the second derivative of f**4/12 + f**3/6 - 3*f**2 + 2*f. Let l(q) = q**2 + q. Let z(w) = -2*l(w) + n(w). Let y be (-3 + 9/3)*6/12. Determine z(y).
-6
Let r(k) = k - 1. Let f(u) = -u**3 - 5*u**2 - 8*u - 9. Let p be f(-2). Determine r(p).
-6
Let d(z) = -25*z**2 + 16*z - 22. Let r(m) = 9*m**2 - 5*m + 7. Let c(k) = -4*d(k) - 11*r(k). Give c(10).
21
Let t(i) = -3*i**3 - 6*i**2 + 5*i - 11. Let k(l) = -13*l**3 - 25*l**2 + 21*l - 47. Let h(f) = -2*k(f) + 9*t(f). Calculate h(-4).
-17
Let t(p) = -p + 17. Let g be t(5). Suppose -g*h - 50 = -2*h. Let o(u) = u + 8. Determine o(h).
3
Let d(p) = -p**3 - 6*p**2 + 3*p + 6. Let b = -261 + 157. Let k = b - -98. What is d(k)?
-12
Suppose 0 = p - 2*p - 5*w + 18, 0 = -3*p - 5*w + 24. Suppose -p*k = -5*m - 1, 0*m + 7 = 4*k - m. Let i(r) = 0 - r**k + 2 - 4 - 3*r - 1. What is i(-3)?
-3
Let z be (4/8)/((-1)/18). Let r = z - -9. Suppose 6 = -g - r. Let k(n) = n**3 + 6*n**2 + n - 1. Give k(g).
-7
Let k(f) = f**2 + 9*f - 26. Let y be k(-10). Let i(s) = 20*s**2 - 1. Let a be i(-1). Let l = y + a. Let v(c) = 2*c - 1. Determine v(l).
5
Suppose 2*k + 2 = 10. Let h(y) = -4*y + 0*y**2 + 87 + y**2 - 89. What is h(k)?
-2
Let y(d) be the first derivative of 1/2*d**3 + 0*d**4 + d**2 + 7 - 1/60*d**5 + 0*d. Let n(m) be the second derivative of y(m). Calculate n(3).
-6
Let d(l) = l**2 + 14*l + 23. Let z be d(-12). Let b(o) = -38*o - 1. Calculate b(z).
37
Suppose 2*j - 27 = 5. Let y = 11 - j. Let c(o) = -3 - 3*o**2 + 2*o + 6*o - o**2 + 5*o**2 - 4*o. What is c(y)?
2
Let i(z) = 8*z - 1699 + 6*z + 1698. What is i(-1)?
-15
Let i(b) be the second derivative of -b**3/2 - 5*b**2/2 + 3*b. Give i(-4).
7
Let a(b) = -b**3 - 7*b**2 - 4*b - 3. Let t(j) = 7*j - 5. Let r be t(0). Calculate a(r).
-33
Let l(j) = -20*j - 1. Suppose 2*o + b - 6 = 0, -8*o - 7 = -7*o - 2*b. Determine l(o).
-21
Let x = -273 - -266. Let r(w) = 4*w - 2. Give r(x).
-30
Let l(c) = -c - 7. Let v be l(-6). Let j(a) = 2*a + 2. Let p(d) = -d. Let m(o) = v*p(o) + j(o). What is m(2)?
8
Let h(z) = -z**3 - 5*z**2 - 4*z - 2. Let d = 18 - 14. Let f be (d/1 - 2)*-2. Determine h(f).
-2
Let a(y) = -3*y**2 + 6*y + 13. Let z(k) = -5*k**2 + 12*k + 24. Let g(t) = 7*a(t) - 4*z(t). What is g(-5)?
0
Let a(n) = -3*n - 1. Let z